{"type":"video","version":"1.0","title":"Pur journ\u00e9e de Ride! Ski freeride \u00e0 Tignes et Val d'is\u00e8re avec R\u00e9mi Jentellet.","author_name":"FrEeRiDerdeouf","author_url":"","thumbnail_url":"https:\/\/zpks.com\/v\/1\/2\/129462\/84396-5.jpg","thumbnail_width":150,"thumbnail_height":84,"html":"<div style=\"width : 100%; height : 0; padding-bottom : 56%; position : relative;\"><iframe src=\"https:\/\/www.zapiks.fr\/index.php?action=playerIframe&amp;media_id=84396&amp;width=640&amp;height=358&amp;autoStart=false&amp;language=fr\" style=\"position : absolute; top : 0; left : 0; width : 100%; height : 100%;\" frameborder=\"0\" scrolling=\"no\" allowfullscreen><\/iframe><\/div><div style=\"font-size: 90%; text-align : center;\"><a href=\"https:\/\/www.zapiks.fr\/pur-journee-de-ride-ski-free.html\" title=\"Pur journ&eacute;e de Ride! Ski freeride &agrave; Tignes et Val d&#039;is&egrave;re avec R&eacute;mi Jentellet.\">Pur journ&eacute;e de Ride! Ski freeride &agrave; Tignes et Val d&#039;is&egrave;re avec R&eacute;mi Jentellet.<\/a><\/div>","media_id":84396,"views_total":169,"date":"2013-03-17","keywords":["powder","tignes","val d'is\u00e8re","ski freeride","r\u00e9mi jentellet"]}

Pur journée de Ride! Ski freeride à Tignes et Val d'isère avec Rémi Jentellet.

val d'isère

rémi jentellet
